ommon factor of 85 and t.
17
Let i(a) = 2*a - 4. Let t be i(3). Suppose t*u = 10, o = -o + 2*u + 30. What is the greatest common divisor of o and 40?
20
Suppose 26*w - 4932 = 1438. What is the highest common factor of w and 21?
7
Suppose -1842 = -25*x + 4108. What is the greatest common factor of x and 42?
14
Suppose 0 = 3*o + 148 - 400. Suppose -4*a + o = s, -4*a - 76 = -0*s - s. Calculate the greatest common factor of s and 10.
10
Suppose p - i - 616 = 840, -2*i = 0. Let x = p + -1040. What is the greatest common factor of 52 and x?
52
Let d(u) = 2*u**3 - 73*u**2 - 32*u - 61. Let n be d(37). Calculate the highest common factor of 527 and n.
31
Let i be (-1)/4 + 60/(-16). Let h(k) = 5*k**2 + k - 1. Let r be h(i). Let u = -2233 + 2248. Calculate the highest common factor of u and r.
15
Suppose y + 3*z - 69 = 0, -2*y + 94 = -z - 4*z. What is the highest common factor of 399 and y?
57
Suppose -45 = -2*r - 5*b, 50 = -2*r + 5*r + 4*b. Let x(h) = 10*h**2. Let a be x(1). Calculate the greatest common factor of r and a.
10
Suppose 151 - 596 = 4*u - q, 4*u - 2*q = -442. Let j = u - -121. What is the highest common factor of 135 and j?
9
Suppose 138 = 4*p - 5*v, 2*p - v = 89 - 23. Suppose 12 = -2*x - 5*f, 5*x - 2*f - 15 = 13. What is the greatest common factor of x and p?
4
Suppose -i = 2*w + w - 2, 8 = 3*w + 4*i. Suppose w = -24*c + 13*c + 22. What is the greatest common factor of c and 2?
2
Let r(z) = 12*z**2 + 3*z + 2. Let m be r(3). Let k(h) = 1 + 3 - 3*h - 2 + 0. Let p be k(-5). What is the highest common factor of p and m?
17
Let r(c) = -3*c**2 + 111*c - 9. Let n be r(36). What is the greatest common divisor of n and 90?
9
Let b be -3*(0 + 10/(-3)). Let v = 70 - 59. Suppose -6*z - 100 = -v*z. Calculate the highest common factor of b and z.
10
Let n(j) = -j**2 - 10*j - 12. Let c(s) = -2*s**2 - 19*s - 23. Let d(l) = -4*c(l) + 7*n(l). Let t be d(-5). Calculate the highest common factor of 12 and t.
3
Let l(k) = -2*k + 6. Let d be l(-5). Let p(c) = -5*c**3 + 4*c**2 - c + 6. Let m be p(3). Let o = 80 - m. What is the greatest common factor of o and d?
16
Let w(v) = v**3 - 2*v + 6. Let t be w(0). Let f = -58 - -111. Suppose u - f = -11. What is the greatest common divisor of u and t?
6
Suppose -44 = -2*n - 2*d, -3*n + 0*d + 69 = 4*d. Suppose 6*g = 3*g + j + 21, -2*g + n = j. What is the greatest common factor of g and 2?
2
Let b be 108/63*21/(-3). Let z be ((-28)/8)/(-7)*b. Let p be ((-222)/(-18))/((-2)/z). What is the highest common factor of p and 74?
37
Let y(b) = 2*b**3 - 13*b**2 - 5*b - 1. Let d be y(10). Suppose -9*r + 1214 = -d. What is the greatest common factor of r and 23?
23
Let v = 852 - 831. Calculate the greatest common divisor of 12 and v.
3
Let o = 13 + 27. Let b be 119/15 + (-65)/(-975). What is the highest common divisor of o and b?
8
Suppose -2*v + 5*g - 92 = 0, 0 = 2*v - 2*g + 2 + 78. Let m = v - -140. Let z = 20 - 7. What is the greatest common factor of m and z?
13
Suppose -39 + 15 = -6*i. Let z be -1 - (3 - 4 - i). Suppose -5*u - z*c + 129 = 0, -u + c = -4*u + 83. Calculate the greatest common divisor of 319 and u.
29
Suppose -2*d - 8 = 2*n, 8*d - 1 = -2*n + 3*d. Let p(g) = g**2 + 10*g + 23. Let h be p(n). What is the highest common divisor of h and 6?
2
Let l be (2/4)/((-12)/(-3456)). What is the greatest common divisor of 16 and l?
16
Let o = -11 + 10. Let m = o + 12. What is the highest common factor of m and 121?
11
Let q = -112 - -53. Let t = q + 7. Let b = t + 79. What is the greatest common factor of 9 and b?
9
Let k(d) = d**3 + 7*d**2 - 10*d + 9. Let l be k(-6). What is the highest common factor of 75 and l?
15
Let g be ((-2)/5)/(7/210). Let k(p) = p**3 + 13*p**2 + 10*p - 9. Let x be k(g). What is the greatest common divisor of 10 and x?
5
Let x be (-1)/(-2) + (-1212)/(-24). What is the highest common factor of 34 and x?
17
Let u(q) = -3*q - 7. Let m = -17 - -6. Let r be u(m). What is the highest common factor of 104 and r?
26
Let b be 4/(-1 + 5) + 5. Suppose b*a - 4*t + 4 = 2*a, a + 5 = 3*t. Calculate the highest common divisor of 5 and a.
1
Suppose q - 4*y = -4, 4 = 3*q - y - 3*y. Suppose q*c + 124 = 188. What is the highest common factor of 1 and c?
1
Suppose 50*m - 22213 = -6713. What is the highest common divisor of 10 and m?
10
Suppose 18 = u - p, -3*p = 5*u - 7*p - 87. Let c be 2/(2*(-1)/4). Let d be (-10)/c*-2*-1. Calculate the highest common factor of u and d.
5
Let a(s) = 2*s**2 + 7*s - 14. Let c be a(-7). Suppose c = -w + 163. What is the greatest common divisor of 16 and w?
16
Suppose -4*h + 189 = 4*d - 3*h, -3*d - 5*h = -163. What is the highest common divisor of 115 and d?
23
Let d(q) = 2*q**2 - 4*q + 1. Let f be d(3). Let k be -1 + 2 + 7 + f. Let m = 4 + k. What is the greatest common factor of m and 57?
19
Suppose 6*h - 123 = 3*h. Let z = h - 21. What is the greatest common factor of 60 and z?
20
Let y = -1 + 63. Let k = -56 + y. Calculate the greatest common factor of 4 and k.
2
Let x be (78/(-12)*2)/(3/(-6)). What is the highest common divisor of 26 and x?
26
Let n = 25 - -85. Let i be (-4)/(5/(-75)*6). What is the greatest common factor of n and i?
10
Suppose 0 = -2*s - 7 + 3. Let q = s - -6. Suppose 0 = 2*r - h - 59, -2*r = h + h - 50. Calculate the greatest common divisor of r and q.
4
Suppose 1 = -5*p - 179. Let m = p + 92. Suppose -4*y = -2*y - 16. What is the highest common factor of y and m?
8
Let b(y) = -y + 12. Let u be b(0). Let w = u - 7. Suppose 0 = -4*x + 3*o + 453, -w*x + 0*x - o + 590 = 0. Calculate the greatest common divisor of x and 13.
13
Suppose 0 = -31*h + 44*h - 104. Let z(v) = v**3 - 2*v**2. Let w be z(4). Calculate the greatest common factor of w and h.
8
Let h = 16 - 11. Suppose 0 = -5*d + m + 355, 0 = h*m + 8 + 17. Calculate the greatest common divisor of d and 14.
14
Let k be 6/(8/((-16)/(-3))). Suppose 0 = -5*h - 2*w + 147, k*h - w = -3*w + 118. What is the greatest common factor of 58 and h?
29
Let f(m) = 5*m - 2. Let x be f(1). Calculate the greatest common factor of 27 and x.
3
Let k = -1387 - -1417. Suppose 3*j = 82 + 98. Calculate the highest common divisor of k and j.
30
Suppose -14*l - 920 = -37*l. What is the highest common divisor of l and 8?
8
Suppose 7*a = 2*a. Suppose 2*u - 4 + 5 = -5*r, a = 3*u - 2*r - 8. Suppose -4*d - 2*s = -u, 4*s = -0*s - 12. What is the greatest common divisor of 6 and d?
2
Let b(u) = u - 4. Let t be b(9). Suppose 5*r + 122 = 2*y, t*y - 45 = 3*r + 241. Suppose -w + 160 - y = 0. Calculate the greatest common factor of 13 and w.
13
Let m(i) = 0*i - 10*i**2 + 11*i**2 - 6*i + 7. Let k be m(6). Suppose 3*v + k = -w, 3*w = -v + 1 + 2. What is the greatest common factor of w and 2?
2
Suppose -4*b - 2*r + 104 = 2, 2*r - 6 = 0. Calculate the highest common factor of 216 and b.
24
Let g = 1288 - 232. What is the highest common divisor of 33 and g?
33
Suppose 0 = -4*g + 12, -13 + 1 = -3*j + g. Suppose 4*h - j + 1 = 0. Let l = -9 + 11. Calculate the greatest common factor of l and h.
1
Suppose -617 = -5*w - 137. Let l(q) = 5*q**2 - q. Let k be l(1). Suppose -57 = -3*x + u, -k*x = x - 2*u - w. What is the greatest common factor of x and 144?
18
Let g(l) = 14*l - 58. Let f be g(11). Calculate the highest common factor of 12 and f.
12
Suppose 3*c - 42 + 6 = 0. Suppose -r + 12 = 33. Let y = r + 105. What is the greatest common factor of y and c?
12
Let i = -663 + 743. What is the greatest common factor of 5 and i?
5
Let z = -15 - -15. Suppose z = -4*f + f - 3, 2*k + 4*f = -30. Let g = 29 + k. Calculate the highest common factor of g and 80.
16
Suppose 60 + 140 = 373*h - 369*h. Let r(b) = 149*b**2 + 1. Let a be r(-1). Calculate the greatest common factor of h and a.
50
Let g = 663 - 513. What is the highest common factor of 325 and g?
25
Suppose 0 = -f + 5*r - 1, 2*f + r + r - 10 = 0. Suppose 0 = f*k + 3*b - 90, 0*k + b = -4*k + 94. What is the highest common factor of k and 12?
12
Let r(f) = -2*f - 4. Let c be r(-5). Let h be 3*(0 - ((-5)/15 - 1)). What is the highest common factor of h and c?
2
Suppose 812 + 1840 = 12*t. What is the greatest common divisor of 39 and t?
13
Suppose 3 + 0 = 3*h - 3*t, -5*t = -3*h - 5. Let y(w) = 45*w - 33. Let l be y(h). Calculate the greatest common factor of l and 24.
24
Suppose -24 = -186*b + 184*b. Calculate the great